39213?
False
Is 136802 a multiple of 5?
False
Is 22 a factor of 29896592?
True
Is 9028458 a multiple of 18?
True
Is 10622364 a multiple of 2082?
True
Is 242 a factor of 125226?
False
Is 32 a factor of 585370?
False
Does 1023 divide 19650807?
True
Is 423968 a multiple of 32?
True
Is 16199280 a multiple of 1510?
True
Does 38 divide 1716364?
False
Does 290 divide 3020753?
False
Is 354386 a multiple of 37?
True
Is 364389 a multiple of 2?
False
Does 3 divide 4568?
False
Is 1192640 a multiple of 320?
True
Is 242 a factor of 2765576?
True
Is 142 a factor of 1787087?
False
Is 39 a factor of 1169457?
False
Is 337516 a multiple of 69?
False
Is 1040820 a multiple of 95?
True
Is 535 a factor of 39055?
True
Is 9 a factor of 58383?
True
Is 3656822 a multiple of 26?
True
Is 692682 a multiple of 3?
True
Does 913 divide 1878590?
False
Is 129 a factor of 85928?
False
Is 3147408 a multiple of 528?
True
Does 13 divide 95263?
False
Is 9 a factor of 386928?
True
Does 230 divide 305545?
False
Does 16 divide 91700?
False
Is 8417 a multiple of 28?
False
Does 62 divide 139373?
False
Does 1715 divide 7882140?
True
Is 39 a factor of 8853?
True
Is 673 a factor of 1658272?
True
Is 69 a factor of 554202?
False
Does 154 divide 4168164?
True
Is 16 a factor of 64652?
False
Is 338472 a multiple of 12?
True
Is 39 a factor of 134518?
False
Is 914 a factor of 822834?
False
Does 178 divide 3487732?
True
Does 141 divide 382591?
False
Is 109 a factor of 45288?
False
Is 23 a factor of 189944?
False
Is 152 a factor of 102904?
True
Is 7 a factor of 1629194?
True
Is 3012933 a multiple of 33?
True
Is 19 a factor of 983945?
False
Is 45 a factor of 33885?
True
Does 15 divide 2406705?
True
Does 8 divide 556358?
False
Does 111 divide 65255?
False
Is 71760 a multiple of 230?
True
Is 5593508 a multiple of 51?
False
Does 13 divide 29250?
True
Is 162 a factor of 255176?
False
Does 1085 divide 8172220?
True
Is 81 a factor of 3696597?
True
Is 15784 a multiple of 20?
False
Does 55 divide 312215?
False
Is 33567 a multiple of 351?
False
Is 25 a factor of 176867?
False
Does 17 divide 1789790?
False
Is 52 a factor of 691184?
True
Is 74871 a multiple of 300?
False
Does 14 divide 170492?
True
Is 38 a factor of 506996?
True
Is 20 a factor of 122783?
False
Does 244 divide 281401?
False
Is 13311 a multiple of 17?
True
Is 706734 a multiple of 39?
False
Does 160 divide 137973?
False
Does 45 divide 283980?
False
Does 652 divide 8967113?
False
Is 7 a factor of 1366743?
True
Is 19 a factor of 78166?
True
Does 17 divide 188292?
True
Does 20 divide 104280?
True
Is 50 a factor of 428250?
True
Is 475956 a multiple of 156?
True
Is 1594005 a multiple of 595?
True
Is 381 a factor of 21045268?
False
Is 826147 a multiple of 1103?
True
Is 418 a factor of 2738243?
False
Is 153331 a multiple of 16?
False
Does 40 divide 208560?
True
Does 15 divide 475440?
True
Does 83 divide 6474?
True
Is 4 a factor of 4310?
False
Does 17 divide 2001871?
False
Is 1836 a factor of 8651663?
False
Is 38 a factor of 1748853?
False
Is 391893 a multiple of 455?
False
Is 11520 a multiple of 36?
True
Is 143472 a multiple of 21?
True
Does 46 divide 2469510?
True
Is 251291 a multiple of 5?
False
Is 187365 a multiple of 2?
False
Does 871 divide 19850090?
True
Does 8 divide 599048?
True
Is 4 a factor of 962149?
False
Does 350 divide 1996881?
False
Is 355610 a multiple of 62?
False
Is 1996615 a multiple of 2?
False
Is 9 a factor of 113735?
False
Is 26 a factor of 813353?
False
Is 30 a factor of 713610?
True
Is 611488 a multiple of 8?
True
Is 654977 a multiple of 33?
False
Is 5712234 a multiple of 1166?
True
Is 10924256 a multiple of 32?
True
Does 19 divide 1005157?
True
Does 47 divide 4263041?
True
Is 107 a factor of 135609?
False
Is 382 a factor of 202297?
False
Does 44 divide 361464?
False
Does 599 divide 722993?
True
Does 64 divide 66993?
False
Does 15 divide 1341241?
False
Is 3 a factor of 20373?
True
Is 23 a factor of 573706?
False
Is 1631205 a multiple of 27?
True
Does 71 divide 791443?
False
Is 30798 a multiple of 2?
True
Is 6 a factor of 1970242?
False
Is 1252 a factor of 931488?
True
Is 1908848 a multiple of 149?
False
Is 242 a factor of 395670?
True
Is 160 a factor of 515040?
True
Does 22 divide 9477586?
False
Is 597 a factor of 491815?
False
Is 57385 a multiple of 176?
False
Does 2 divide 12639?
False
Is 2780821 a multiple of 19?
True
Is 88819 a multiple of 210?
False
Is 249250 a multiple of 1994?
True
Does 86 divide 37960?
False
Is 172790 a multiple of 18?
False
Is 7953 even?
False
Does 18 divide 724594?
False
Does 70 divide 112185?
False
Is 241 a factor of 1199457?
True
Is 149047 a multiple of 132?
False
Is 197 a factor of 22458?
True
Is 255 a factor of 3688439?
False
Does 76 divide 521411?
False
Does 53 divide 681783?
False
Is 4275162 a multiple of 53?
False
Does 180 divide 108180?
True
Is 12 a factor of 221429?
False
Does 11 divide 254276?
True
Is 550914 a multiple of 162?
False
Is 9 a factor of 94456?
False
Is 14 a factor of 1237502?
True
Is 1975899 a multiple of 91?
False
Is 4270954 a multiple of 11?
False
Is 365421 a multiple of 8?
False
Does 194 divide 155306?
False
Does 4 divide 509568?
True
Does 1098 divide 557784?
True
Does 9 divide 100629?
True
Does 59 divide 51591?
False
Is 246561 a multiple of 21?
True
Is 1069446 a multiple of 14?
True
Does 38 divide 8866616?
True
Does 19 divide 970026?
True
Does 306 divide 132162?
False
Does 12 divide 3017388?
True
Is 3137039 a multiple of 4?
False
Is 4044096 a multiple of 714?
True
Is 170 a factor of 7987248?
False
Does 148 divide 1043079?
False
Does 259 divide 319282?
False
Is 35 a factor of 935935?
True
Is 199507 a multiple of 96?
False
Is 524460 a multiple of 15?
True
Does 71 divide 141148?
True
Is 1325 a multiple of 2?
False
Does 37 divide 2006660?
False
Is 105679 a multiple of 9?
False
Is 88107 a multiple of 24?
False
Is 741299 a multiple of 13?
True
Does 12 divide 86360?
False
Does 31 divide 1563068?
False
Is 44071 a multiple of 3?
False
Does 251 divide 1496298?
False
Does 71 divide 636930?
False
Does 68 divide 352929?
False
Is 168 a factor of 2510199?
False
Does 1304 divide 3472389?
False
Is 9 a factor of 60226?
False
Is 61 a factor of 534030?
False
Does 88 divide 932272?
True
Is 116656 a multiple of 317?
True
Is 13127101 a multiple of 1651?
True
Does 10 divide 48290?
True
Is 537 a factor of 580497?
True
Is 416 a factor of 4560811?
False
Is 780864 a multiple of 52?
False
Is 1157 a factor of 2625977?
False
Does 31 divide 402411?
True
Is 108394 a multiple of 379?
True
Is 117 a factor of 506935?
False
Does 216 divide 5281?
False
Is 4914 a multiple of 172?
False
Does 168 divide 3842496?
True
Is 1576 a factor of 19302848?
True
Is 825536 a multiple of 13?
False
Does 708 divide 28320?
True
Does 10 divide 250990?
True
Is 11443436 a multiple of 31?
False
Is 92 a factor of 60913?
False
Is 13 a factor of 202769?
False
Is 40 a factor of 85160?
True
Does 21 divide 37323821?
False
Does 226 divide 249005?
False
Is 127 a factor of 10909850?
False
Is 257427 a multiple of 61?
False
Does 11 divide 770693?
True
Is 169 a factor of 687591?
False
Does 18 divide 791118?
True
Does 37 divide 348518?
False
Is 47796 a multiple of 28?
True
Is 2150385 a multiple of 44?
False
Does 386 divide 399804?
False
Does 58 divide 316075?
False
Is 3320384 a multiple of 58?
True
Does 145 divide 164140?
True
Is 341 a factor of 2437752?
False
Is 144714 a multiple of 534?
True
Does 9 divide 375545?
False
Is 7 a factor of 81256?
True
Does 57 divide 1718493?
True
Is 90 a factor of 180089?
False
Is 1068921 a multiple of 7?
True
Is 16245 a multiple of 5?
True
Is 243 a factor of 2297322?
True
Does 5 divide 69910?
True
Is 21 a factor of 2181970?
False
Is 451 a factor of 4447505?
False
Is 816 a multiple of 24?
True
Is 7848 a multiple of 18?
True
Is 34136 a multiple of 34?
True
Is 4768308 a multiple of 54?
True
Is 26034 a multiple of 3?
True
Is 23421 a multiple of 25?
False
Does 19 divide 57817?
True
Is 2 a factor of 269590?
True
Is 153987 a multiple of 18?
False
Is 34 a factor of 807024?
True
Does 30 divide 3425940?
True
Is 1633699 a multiple of 43?
True
Is 17 a factor of 30498?
True
Does 25 divide 131175?
True
Is 96579 a multiple of 27?
True
Does 27 divide 9460395?
True
Is 3209412 a multiple of 6?
True
Does 5 divide 5233100?
True
Does